37
Let d be 1/(4/(-16)) - 16. Let h = d - -22. Suppose -4*r - h*r = -480. List the prime factors of r.
2, 5
Let u be (-7)/1 - (-3 + 3). Let q be 5 + u + 3 + 109. Let v = q + -49. List the prime factors of v.
61
Suppose 184 = -h - 117. List the prime factors of 10 - h - 3/(-3).
2, 3, 13
Let r = -2237 + 1466. Let b = 1511 + r. List the prime factors of b.
2, 5, 37
Let o(h) = 7*h + 22. Let i be o(-3). List the prime factors of (1*(2 + i))/(14/1554).
3, 37
Let f = 232 - 229. What are the prime factors of (21015/(-30))/(f/(-2))?
467
Let g(q) = -20*q + 65. Let d be g(-6). Suppose -d = -3*m + 1015. What are the prime factors of m?
2, 5
Let x(v) be the second derivative of 1/2*v**2 - 19/2*v**3 - 26*v + 0. What are the prime factors of x(-1)?
2, 29
Let q(d) = d**3 + 4*d**2 + 5*d - 14. Let j be q(-7). Let s = -121 - j. List the prime factors of s.
3, 5
Let g(v) = 172*v + 874. List the prime factors of g(13).
2, 5, 311
Let w be (-1)/4 + (-64974)/104. Let v = w + 1100. What are the prime factors of v?
5, 19
Let u = 205 + -203. Suppose u*f = -2*g + 240, -655 = -5*f - 4*g - 50. What are the prime factors of f?
5
Suppose -r = -x + 4*x - 941, 0 = 2*x - 5*r - 599. Let j(b) = b + 6. Let f be j(-3). Suppose -5*m = f*h - m - 872, -4*m - x = -h. List the prime factors of h.
2, 37
Suppose 7051 = j - 4*l - 11013, -4*j - 5*l + 72403 = 0. List the prime factors of j.
2, 4523
Suppose 2*n = 3*b + 3*n + 9, -2*b = -3*n - 5. Let t be 48/(-32)*b/(-1). What are the prime factors of (-376)/(-6)*t/(-2)?
2, 47
Let v(b) = -b**3 + 7*b - 2. Let x be v(2). Suppose 7*j - 9 = 12, -x*d = -4*j - 820. What are the prime factors of d?
2, 13
What are the prime factors of 15 + (-1546632)/(-198) + (-3)/11?
2, 7, 13, 43
Suppose 962 = -6*p - 3298. Let q = -409 - p. What are the prime factors of q?
7, 43
Suppose 0 = -22*s - 3931 + 32685. List the prime factors of s.
1307
Suppose -94 = 4*m - 286. Let v be (16/m)/(1/6). Suppose x - 32 = 4*y, -v*x + 7*x + 3*y - 91 = 0. List the prime factors of x.
2, 5
Let n be ((-1)/1)/(18/(-144)). What are the prime factors of (-2)/n + 7845/20?
2, 7
Let q = -17565 + 45280. What are the prime factors of q?
5, 23, 241
Suppose 4*f - 4*x - 31 = -11, -8 = 4*x. Suppose 5*n = 5*t + 3565, 7*n - f*t = 8*n - 697. List the prime factors of n.
709
Suppose 6463341 = 123*t + 4742274 - 6473685. List the prime factors of t.
2, 3, 347
Let i = 304 - 142. Suppose -48 = -3*n + i. List the prime factors of n.
2, 5, 7
Let b(x) = x**3 - 4*x - 26. Let i(a) = 2*a**3 - 8*a - 50. Let s(t) = 9*b(t) - 4*i(t). What are the prime factors of s(10)?
2, 463
Let v be (-2 + 0)*(-5 - -4). Let h(j) = 56*j**3 + 2*j**2 - 2*j - 3. What are the prime factors of h(v)?
449
Suppose 0 = -39*a + 1073307 - 263628. List the prime factors of a.
13, 1597
Let q be (-3)/(-33) - (-98)/11. Suppose 435 = 10*c - q*c. List the prime factors of c.
3, 5, 29
Suppose 607 = 4*l - 5*l + 2*a, -a = -3*l - 1831. What are the prime factors of (-2)/(-26) - 973887/l?
2, 797
Let f(w) = -2*w**2 + 11*w - 11. Let s be f(5). List the prime factors of (-2)/s - (-6344)/39.
163
Let q(p) be the second derivative of -11*p**5/20 - p**4/6 - 2*p**3/3 + p + 7. What are the prime factors of q(-3)?
3, 97
Suppose -151*k = 1122615 - 8697379. What are the prime factors of k?
2, 12541
Suppose 4*o + 2 - 18 = 0. Suppose -8*c + 227 = -53. Let f = o + c. What are the prime factors of f?
3, 13
Let u(w) = 64*w**2 + 29*w + 16. List the prime factors of u(7).
5, 11, 61
Let w(d) = d**3 - d**2 + 10*d - 25. Let y(l) = -4*l - 15. Let z be y(-5). What are the prime factors of w(z)?
5
Suppose -2*g + 15 = 13. Suppose 5*o + g = 3*v - 20, 3*v + 39 = -5*o. List the prime factors of 4563/108 - o/8.
43
Let h = 3219 + -1145. Let x = h + -1059. What are the prime factors of x?
5, 7, 29
Let x be -12*(20/15 + -3). Let f = x + 70. What are the prime factors of f?
2, 3, 5
Suppose -2*m + 5 = h, -2*m - 6*h = -9*h - 9. Suppose m*z - 1653 = -3*l, -2207 = -5*l + l - 3*z. What are the prime factors of l?
2, 277
List the prime factors of (-48)/((-7)/1578*(-225)/(-350)).
2, 263
Suppose 0 = -11*o - 3523 + 1114. Let z be 6/(-9)*o - 3. Let s = z + 17. List the prime factors of s.
2, 5
Let m be 8 + 198 - -1 - 0. Let t(z) = -z + 9. Let b be t(-7). Suppose -7*r + b*r - m = 0. What are the prime factors of r?
23
Let t(g) = 193 - 80 + 23 + 45 - 26*g + 141. List the prime factors of t(-44).
2, 733
Let t = 512 - 501. Suppose -18*y - t*y = -21489. What are the prime factors of y?
3, 13, 19
Let p(k) = k**3 + 34*k**2 - 114*k - 13. Let y be p(-37). Suppose -2*w = 2*z - 294, 2*z + 4*w - y - 196 = 0. What are the prime factors of z?
3, 7
Suppose -5*h + 19 = -10*m + 11*m, 2*m + 7 = 5*h. Suppose 6*g = m*g + 2*x + 844, -2*g - 5*x + 851 = 0. List the prime factors of g.
3, 47
Suppose -22 = -5*s - 6*s. Suppose 1379 = s*h - 5*b - 0*b, 4 = 4*b. List the prime factors of h.
2, 173
Suppose 17*m - 14796 = 5*m. Let h = -689 + m. What are the prime factors of h?
2, 17
Suppose -8*r + 11*r = -3*v + 6087, v = 4*r + 2014. List the prime factors of v.
2, 1013
Suppose 284*g = 299*g - 112995. What are the prime factors of g?
3, 31
Let b(n) = 8*n**3 - 19*n**2 + 165*n + 13. What are the prime factors of b(12)?
103, 127
Suppose 13*u - 18*u = -4*x + 24742, 0 = 5*x + u - 30942. List the prime factors of x.
2, 7, 13, 17
Suppose -31*a + 2*a + 2204466 = 4*a. List the prime factors of a.
2, 127, 263
Let p(i) = -201*i**3 + i**2 - 2*i. Let v be p(-1). Let o = v - 34. What are the prime factors of o?
2, 5, 17
Suppose 4*f + 8 = 0, 3*q - q - 3*f + 18 = 0. List the prime factors of (-1)/(-6) - (-6 - (-4462)/q).
2, 3, 7
Let p(w) = 2213*w + 5865. What are the prime factors of p(20)?
5, 401
Let g(k) = -5*k - 5. Let t(v) = 5*v + 6. Suppose 0 = 3*m - 2*m + 3. Let i(r) = m*t(r) - 2*g(r). What are the prime factors of i(-14)?
2, 31
Let h = -108 + 112. Suppose 3*d - h*i - 27 = 0, -5*i + 9 = d - 3*i. Suppose d*z = 2*z + 1743. List the prime factors of z.
3, 83
Let h(i) = -2*i + 12. Let n be h(5). Suppose n*q - 15 = -5. Suppose 2*g - 2*y - 238 = 0, 2*g - q*y - 352 = -120. List the prime factors of g.
11
Let i(m) be the third derivative of -m**5/60 + 11*m**4/24 - 2*m**3/3 + 33*m**2. Let n be i(13). List the prime factors of 5/n - 4485/(-18).
3, 83
Let p be 200 + 18/(4 - -2). Suppose -p = -m + 105. List the prime factors of m.
2, 7, 11
Let l(o) = -12*o - 1. What are the prime factors of l(-1)?
11
Let j be (-6)/2 + -1 + 3. Let q(c) be the second derivative of 47*c**4/12 - c**3/2 - 2*c**2 - 6*c. What are the prime factors of q(j)?
2, 23
Let s = -3493 + 3495. Suppose 2*h + 4*i - 28 - 20 = 0, 2*h + i - 60 = 0. What are the prime factors of h - s/(-4)*8?
2, 3
Let f(b) = 14*b + 141. Let x be f(30). Let o = x + -152. List the prime factors of o.
409
Let f(p) = -4190*p - 217. What are the prime factors of f(-2)?
3, 907
What are the prime factors of (-84)/(-42) - (-5)/1 - -10711?
2, 23, 233
Let s be (4/4)/(2/(-4)). Let y be 520/s*104/(-13). What are the prime factors of ((-6)/(-15))/((-2)/y*-4)?
2, 13
Let s(w) = w**2 + 5. Let u(v) = v**2 + 0*v**2 - 3 + 5*v + 22 + 7*v. Let a be u(-9). List the prime factors of s(a).
3, 23
Let a be -86*(-2)/36 + 12/54. Suppose a*o - 9*o = -336. What are the prime factors of o?
2, 3, 7
Suppose -25*q + 16*q + 216 = 0. List the prime factors of (-399)/(-18) + ((-52)/q - -2).
2, 11
Let y(i) be the first derivative of i**4/4 + 6*i**3 - 23*i**2/2 + 25*i + 30. List the prime factors of y(-17).
3, 5, 47
Suppose 3*j = -m + 5*j + 1182, 3*j - 3519 = -3*m. Let b be -2 + (4/5)/(6/3270). Suppose -10*y + b = -m. List the prime factors of y.
7, 23
Let s(p) = -11*p - 17. Let d be s(-13). Let i = -49 + d. Suppose -g = -i + 6. What are the prime factors of g?
71
Suppose -348*u + 636955 = -311*u. What are the prime factors of u?
5, 11, 313
Let w be 2/(6/(-93)) + 0/(-6). Let u be (3 + 1)*w/(-1). Suppose 182 + u = 6*y. List the prime factors of y.
3, 17
What are the prime factors of (-13203)/((16 + -15)/(3 - 4))?
3, 163
What are the prime factors of 23115456/2340 - -2*(-1)/5?
2, 11, 449
Let d(q) = -505*q - 9. Let l be (-5)/(8/((-48)/(-15))). List the prime factors of d(l).
7, 11, 13
Suppose 87*x - 701260 = 73*x. Suppose -27*t - 14693 = -x. List the prime factors of t.
3, 19, 23
Let g(k) = 8*k - 33. Let i be g(5). Suppose 0 = 2*t + 2*p - 